omposite number?
False
Suppose 7*y - 4*w - 263976 = 3*y, 4*y - w - 263991 = 0. Is y/3 - 68/102 a composite number?
True
Is 11/88 - 0 - 2771534/(-16) a composite number?
True
Suppose 3*h - 4054298 = 5*v, 9*v + 16 = 5*v. Is h a composite number?
True
Let z(n) = -9*n**3 + 3*n**2 - 2*n - 2. Let g(v) = -v**3 + 8*v**2 - 7*v + 3. Let k be g(7). Let r be z(k). Let i = r - -487. Is i prime?
True
Suppose 2329 = 3*n + 226. Let k = 1171 - n. Suppose 5*b - 470 = -0*b - 3*m, -4*m - k = -5*b. Is b composite?
True
Let o(v) = 51*v - 42. Let q be o(7). Let s = q - 184. Suppose -4*y = -5*h + 204 + s, -5 = -y. Is h prime?
True
Let x be 6 + -2 + (5 + -11 - -2). Is ((-9778)/(-5) + x)*5/2 composite?
False
Suppose -2*l - 1064088 = -4*h + 801544, 0 = h + 5*l - 466375. Is h composite?
True
Suppose 0 = -8*b - 8*b + 64. Suppose 0 = 4*u + 79*k - 83*k - 13932, -2*u - b*k = -6990. Is u a composite number?
True
Let a(k) = 2*k**2 - 10*k + 21. Let u be (1 - -2)/(129/(-138) + 1). Let s = -30 + u. Is a(s) composite?
False
Let z = 76 - 114. Let d = -205 - z. Let b = d - -390. Is b a prime number?
True
Let r(l) = 2*l**2 + 19*l + 1. Let b be r(-9). Let x(m) = -18*m**3 - 7*m**2 + 3*m - 3. Is x(b) prime?
True
Let f = -117 - -121. Suppose 0 = -f*i - 4*r + 16200, 2*r + 4045 = i - 2*r. Is i composite?
False
Is 2/(-11 - (-10 + 330511/(-330509))) a composite number?
False
Suppose 312 = 17*v - 21*v. Let h = -84 - v. Is 277 - (3/h*-2 - 1) a composite number?
False
Let b(l) = 7*l**2 - 27*l. Let w be b(4). Suppose -2*u - 5*k + 11804 = u, 5*u - 19695 = -w*k. Is u prime?
True
Suppose -1040*u + 516*u = -512*u - 1269012. Is u composite?
False
Let o be (-2864)/68 + (-12)/(-102). Is -28*o/4 - (-4 + -1) composite?
True
Is 376588*((-1044)/48 + 22) prime?
False
Let m(y) = y**3 + 4*y**2 - 34*y + 79. Let x be m(26). Suppose -2*f + x + 3395 = 0. Is f a composite number?
True
Suppose 40186*m + 12768170 = 40196*m. Is m a prime number?
True
Let j(c) = -c + 18. Let u be j(11). Suppose 0 = u*t - 4*t, -3*w + 40101 = -t. Is w a prime number?
True
Suppose 0 = t - 2*i + 5268, -i = 2*t + 2*i + 10508. Let j = t - -7499. Suppose 5*w + 2*h - j = 0, -h - 1799 = -4*w - 0*h. Is w prime?
True
Suppose 4*n = -5*m - 2, 3*m - 13 = m + 3*n. Suppose m*i - 2*w = 3132, 2964 = 4*i + 5*w - 3273. Suppose 2*g - q = i, 5*g - 5*q + 0*q - 3920 = 0. Is g composite?
True
Let q = 62471 + -35198. Is q prime?
False
Let h be -3*1/6 - (-2)/4. Suppose -4*a - 4745 + 359 = -2*t, h = 2*a. Let x = -970 + t. Is x composite?
False
Suppose 0 = 4*m - 140648 - 52512. Suppose -2*b - m = -4*w, -w = 2*w - 5*b - 36228. Is w a composite number?
False
Let q be (-3 - (-6)/4)*24. Let t be (-1)/1*q/12. Is 0 - (2 + -336 + t/(-1)) a composite number?
False
Let d = 70 - -10357. Is d composite?
False
Let z = 37 - 35. Let d(q) = -10 + 9 - 7*q**z + 4*q**3 - 2*q**3 - 5*q - 14. Is d(8) a composite number?
False
Let h(o) be the third derivative of -o**4/24 - o**3 - 18*o**2. Let m be h(3). Let k(x) = -2*x**3 - 7*x**2 - 21*x - 19. Is k(m) prime?
True
Let w(f) = 40*f**2 - 40*f + 355. Is w(48) prime?
False
Let k(t) = 309*t + 150. Let d be k(13). Suppose -d - 28463 = -10*b. Is b a composite number?
True
Let l be 10/45 + 1005/(-27). Let c = l - -34. Is 1674/4 - c*1/6 composite?
False
Suppose 3*v + 18*v - 613616 = 5*v. Is v a prime number?
True
Suppose -5*q - f = -189762, 26*f = -4*q + 31*f + 151769. Is q composite?
False
Suppose -2920248 - 5052267 = -45*j. Is j a composite number?
False
Let c(a) = -13*a**3 + a**2 - a + 91. Is c(-6) composite?
True
Let j(m) = 5*m**3 - 2*m**2 + 2*m. Let v be j(1). Suppose g + v*g = 24. Suppose -383 = -i + a + 2*a, g*a + 1129 = 3*i. Is i prime?
False
Let o = 243924 + -135938. Is o prime?
False
Suppose -5*x + 3*x = 2*x. Let k(f) = -f**3 - f**2 - 5*f + 8665. Is k(x) a composite number?
True
Let l be (2 + 6/(-4))*2 - -1. Suppose l*y - 3*q + 6 = 0, 2*y - 6*q + 14 = -q. Suppose 2*w + 2*w - i = 843, 3*i + 630 = y*w. Is w a composite number?
False
Is 2 - -2*(-20)/(-8) - -98656 a prime number?
True
Suppose 64*r - 19241786 - 49061894 = 0. Is r a composite number?
True
Let t(a) = -a**2 + 56*a + 2469. Let y be t(85). Suppose -5*q + 21941 = -23759. Suppose -1392 = -y*n + q. Is n composite?
False
Let v(a) = -3*a - 57. Let w be v(-17). Is 724 + -2 + w/2 composite?
False
Let r = 5494 - 3136. Suppose 2*i - r = 640. Is i composite?
False
Suppose 5*d - 14727 - 326018 = 0. Suppose -5*f - 18*f + d = 0. Is f composite?
False
Let t(x) = x**2 + x - 12. Suppose -3*f - 8 = -4*f. Let b be t(f). Let m = b - -175. Is m a composite number?
True
Let n(b) = 57926*b**2 + 23*b - 94. Is n(5) a composite number?
False
Let p = -33159 + 14386. Let w = p + 29800. Is w composite?
False
Let b(n) = n**2 - 2*n + 132. Let y be b(0). Let i = 241 - y. Is i a prime number?
True
Let l(q) = q**2 + 3*q + 1. Let z be l(-4). Suppose -z*s - 435 = 105. Is (-24)/s - (-26449)/9 composite?
False
Let r(k) be the first derivative of -k**5/10 - 5*k**4/4 + k**3/6 + 3*k**2/2 + 26*k + 19. Let u(i) be the first derivative of r(i). Is u(-11) composite?
False
Suppose -68*z + 49*z - 874 = 0. Is (-5793444)/(-828) + (-4)/z composite?
False
Let w be (-2256)/(-6) + (-3)/(-1). Suppose -q = -5, 31 = 3*z - 5*q - w. Is z prime?
False
Let k(b) = 12313*b**2 + b + 2. Let c be k(-1). Let l = -7017 + c. Is l prime?
True
Suppose 127 + 101 = 3*z. Let d(y) = -559*y + z*y - 10 + 17*y - 585*y. Is d(-3) a composite number?
True
Is (4067586/4*(-8)/(-72))/((-10)/(-20)) prime?
True
Let f(k) = -13*k**3 + 11*k**2 - 43*k + 27. Let v(l) = -4*l**3 + 4*l**2 - 14*l + 9. Let x(c) = 3*f(c) - 8*v(c). Is x(-10) a prime number?
False
Let s = -563 + 584. Suppose 0 = s*f - 3*f - 140706. Is f composite?
False
Let k = 22361 + 27021. Is k prime?
False
Let i = -5036 - -7194. Suppose 0 = -4*x + i + 1966. Is x composite?
False
Suppose 3*s + s = 12. Suppose -s*w + 3140 = w. Is w prime?
False
Let r(m) = -m**2 - 20*m + 158. Let v be r(-26). Suppose v*w = -5*i + 5881, 0 = i - 4*w - 1566 + 381. Is i a composite number?
True
Let j = 2142429 - 886844. Is j a prime number?
False
Suppose -2*c - 4*w - 392 = 0, 2*c + c - 4*w + 598 = 0. Let n = c + 951. Is n prime?
False
Suppose 23 = 3*s - 8*s - 3*m, -5*s + 5*m = 15. Let a be 52/(-14) - s*(-3)/42. Is a/(-8) + (-1 - (-9564)/8) a composite number?
True
Suppose -2*g + 117 = g. Let b = g - 36. Suppose 4*l = b*r - 1007, -2*r - 2*l = -5*r + 1009. Is r composite?
False
Suppose 139*m - 140*m = -858. Let g(t) = 2750*t**3 - 2*t + 904*t**3 + m*t**3 + t**2. Is g(1) a composite number?
True
Let n(m) = -14*m + 3. Let i be n(2). Is (-1)/(i/10)*5*1697 a composite number?
True
Let i = 44 + -13. Let m(c) = 14*c - 22 - 7*c**3 + i - 8*c**2 + 3*c**3 + 8. Is m(-10) prime?
False
Let r(n) = 8*n**3 - 16*n**2 - 17*n - 9. Let p = 192 + -184. Is r(p) a prime number?
True
Let l = 3710 - 2203. Is l prime?
False
Suppose -m + 5*c + 386898 = 0, -5*c = 2*m - 160762 - 613139. Is m composite?
True
Suppose -3*l = -9*x + 11*x, 4*x + 14 = l. Let s be 28*(-2)/(2/1361). Is s/42*(-3)/l composite?
False
Let l = 21332 + -11844. Suppose -f + 3*f - 5*t = l, f - 4738 = t. Suppose -2*b - f = -8*b. Is b composite?
True
Let r(q) be the second derivative of -q**5/20 - 25*q**4/12 - 31*q**3/6 + 23*q**2 + 6*q - 5. Is r(-25) a composite number?
False
Suppose -20447 + 110361 = k - n, 89904 = k + n. Is k composite?
False
Suppose 16*u + 1406056 = 4437576. Is (u/50)/(4 + (-57)/15) composite?
False
Let m = 312 - 354. Is 8713 + (-25)/(175/m) prime?
True
Let a(f) = 93*f + 7. Suppose -210 = -6*g - 8*g. Is a(g) prime?
False
Let k(q) = -7*q - 5*q - 3*q - 30 + 4*q. Let h be 5 + (-18 - (7 - 4)) + -3. Is k(h) prime?
True
Let n be (-4)/22 - (-140)/(-77). Let b be n*(-5)/(-10) - -4. Suppose -b*w + 498 = 75. Is w a prime number?
False
Suppose -4*t - 4 = 0, -6*d = -10*d + 2*t + 4750. Is d a prime number?
True
Suppose 5*r - 30 - 110 = 0. Suppose 7*w + r = 28. Suppose 4906 = 2*l - 3*a, w*a - 12 = -3*a. Is l prime?
True
Suppose -9*j = j + 10. Is ((-28)/(-2))/((-213)/(-211) + j) a prime number?
False
Suppose 5*k - 41 = -2*b, -4*b + 2*b - k = -21. Is 2*(3290/b - (-36)/(-48)) a composite number?
False
Let f(c) = -2457*c**3 + 7*c**2 - 4*c - 11. Is f(-3) a composite number?
False
Is 1906299/2 - (((-1)/(-2) - 8) + 4) prime?
False
Let v(m) = -8 - 6 + 0 - 3 + 303*m. Is v(18) a composite nu